 List the prime factors of i.
2, 491
Suppose 4*s - 3*o - 4 = 16, 4*s - 16 = 2*o. Suppose 3 = u - 0, -t = -5*u + s. Suppose -2*a + 7 = z, 0 = -z + 5*a + 1 + t. What are the prime factors of z?
3
Let s = -19 + 21. Suppose s*i = -k - 8, k - 2*k = -2*i. List the prime factors of (-1)/(k + (-358)/(-90)).
3, 5
Suppose b + 5*z - 31 = z, 2*z + 155 = 5*b. List the prime factors of b.
31
Let t(c) = -c**3 - 3*c**2 + 4*c + 4. Suppose -d = -5*w - 30, -1 - 4 = -2*w - 3*d. List the prime factors of t(w).
2, 17
Suppose 5*h = 98*q - 94*q - 4609, 3*q - 3463 = 5*h. What are the prime factors of q?
2, 3, 191
List the prime factors of 41*-1*58/(-1).
2, 29, 41
Let v(f) = 14*f + 25. Let a(d) = -7*d - 12. Let u(c) = 7*a(c) + 3*v(c). List the prime factors of u(-8).
47
Suppose 97*v + 2*y + 8422 = 101*v, 2*v - 2*y - 4208 = 0. What are the prime factors of v?
7, 43
Suppose -2785 = -6*u + u. List the prime factors of u.
557
Let y(m) = -28*m + 266. List the prime factors of y(-29).
2, 7, 11
Suppose 5*z + 1 + 14 = 0. Let s = 7 + z. Suppose 5*f = 3*f + s*o + 28, o + 18 = f. What are the prime factors of f?
2, 11
Let y(h) = h**3 - 11*h**2 + 9*h + 10. Let b be y(10). Suppose 4*l + b*l = 4. List the prime factors of 1 - 2 - -32*l.
31
Let r(g) = g**2 + 3*g + 6. Let u be r(-4). Let q be -1 + 2 + (11 - 9). Suppose 0 = n - 0*n - o - u, -6 = -n + q*o. List the prime factors of n.
2, 3
Suppose 69 = -3*m + 4*h + 245, -5*h + 235 = 5*m. What are the prime factors of m?
2, 13
Suppose -4*r - m = -579, 0 = 4*r - m - 414 - 167. List the prime factors of r.
5, 29
Let u = 1031 - -3755. List the prime factors of u.
2, 2393
Let u(w) = w + 23. Let n be u(-18). Suppose 4*m = n*j - 63, 0 = -4*j + 3*m - 8*m + 75. List the prime factors of j.
3, 5
Let y(u) = -36*u - 163. What are the prime factors of y(-11)?
233
Let a(d) = d + 23. Let s be a(-11). Suppose -156 = 11*u - s*u. Suppose 5*t = 2*t + u. What are the prime factors of t?
2, 13
Let o = 26 - 24. Suppose 4*q - 18 = o. Suppose 0 = -q*k - 3*g + 59, -41 = -5*k + g + 2*g. List the prime factors of k.
2, 5
Let k(g) = 249*g - 592. What are the prime factors of k(13)?
5, 23
Let i = -577 - -402. Let s = i - -315. List the prime factors of s.
2, 5, 7
Let x = -36 + 38. Suppose 0 = -5*d - 3*h + 26, 4*h = 2*d + x*d - 8. What are the prime factors of d?
2
Let l(g) be the second derivative of g**4/12 + 4*g**3/3 + 4*g. Let i be l(-8). Suppose i = 4*q - h - 18, q + 2*q - 25 = -5*h. What are the prime factors of q?
5
Suppose 6*u - 9*u = -21. Suppose -w + 57 = -u. List the prime factors of w.
2
Let s = 5 - 3. Suppose -247 = -4*j - 7*w + 4*w, -s*j + 113 = 5*w. Suppose -j = -5*v + 11. What are the prime factors of v?
3, 5
Suppose 1771 = 7*f - 7707. List the prime factors of f.
2, 677
Suppose -38*l - 43*l = -49977. What are the prime factors of l?
617
Let x(c) = -c**3 + 4*c**2 + 8*c - 2. Let p be x(7). List the prime factors of 7/(-28) + p/(-4).
23
Let l(t) = 8*t**2 + 7*t. Let y(d) = -7*d**2 - 6*d + 1. Let b(n) = -5*l(n) - 6*y(n). List the prime factors of b(-5).
3, 13
Suppose 0 = -55*i + 57*i - 1378. What are the prime factors of i?
13, 53
Let l(x) = 5*x**2 + 8*x - 7. Let i be l(5). Let t = i - -43. List the prime factors of t.
3, 67
Suppose 3*j = k - 348, -4*k + j - 106 = -1542. Suppose -5*f - 5*p + k = 0, p + 0 = -3. What are the prime factors of f?
3, 5
Let c be (-3 - 1)/(-3 + 8)*5. What are the prime factors of 6*(-42)/c + -3?
2, 3, 5
Let k = -467 - -1374. List the prime factors of k.
907
Suppose 9 = 3*s + 3*a - 0, 0 = -3*s + 4*a + 44. Suppose -7 = -5*j + s. Suppose -j*p = -5*p + 46. List the prime factors of p.
23
Let f(d) = -2 + 0*d + 87*d**2 - 3*d - 78*d**2. Let l be f(-1). Suppose 0 = -i + l + 3. What are the prime factors of i?
13
Let u = 19 + 587. List the prime factors of u.
2, 3, 101
Let n(v) = 11*v + 486. List the prime factors of n(0).
2, 3
Let i be (3 + (-20)/8)*0. Let k be -1 + -1 - 7/(-1). Suppose 75 = k*j - 6*m + m, i = j - 4*m. List the prime factors of j.
2, 5
Suppose -z = 2*m - 5144, z - 5145 = 20*m - 21*m. List the prime factors of z.
2, 31, 83
What are the prime factors of 160 - (-12)/8*8/6?
2, 3
Let v = 347 + -205. Suppose -4*y + v - 38 = 0. List the prime factors of y.
2, 13
What are the prime factors of -6576*(12/(-4))/9?
2, 137
Suppose 133 = -3*f + 1120. What are the prime factors of f?
7, 47
Suppose 3*x - 5*j - 1 = 0, 3*x + 4*j = -0*j + 10. Suppose -2*w - x*w + 20 = 0. Suppose 45 + 105 = w*q. List the prime factors of q.
2, 3, 5
Let a be (15/(-9))/(3/(-9)). Suppose 27 = -u - 5*y, a*u - 5*y + 5 = 20. Let s = u - -5. What are the prime factors of s?
3
Suppose -9 = -3*j - 3. Suppose 25 - 7 = j*p. Suppose -3*q = i - 2*i - p, i + 2*q - 16 = 0. What are the prime factors of i?
2, 3
Let y(l) = 7*l + 79. List the prime factors of y(19).
2, 53
Let n(s) = -s**2 + 8*s + 2. Let g be n(6). Suppose -5*p + 2*d = -g, 5*p - 3*d - 18 = -2. Let r = p + 7. List the prime factors of r.
3
Let i = 2258 - 938. What are the prime factors of i?
2, 3, 5, 11
Suppose 16*p - 20 = 11*p. Suppose -p = -2*y + 42. What are the prime factors of y?
23
Suppose 2*g + 3*x - 564 = -x, 0 = -g - 3*x + 286. List the prime factors of g.
2, 137
Suppose -163 = -11*v + 35. List the prime factors of v.
2, 3
Suppose 0 = 7*v - 956 - 1592. What are the prime factors of v?
2, 7, 13
What are the prime factors of 14 - 17 - -3*283?
2, 3, 47
Let u = -32 + 31. Let c(d) = -2*d**2 + d - 1. Let v be c(-2). Let h = u - v. What are the prime factors of h?
2, 5
Let a be ((-132)/(-14))/2 - 2/(-7). Suppose 92 = -0*i + 2*i + 4*q, 0 = -a*q - 20. What are the prime factors of i?
2, 3
Suppose -13*p = -8 - 5. List the prime factors of (6/12)/(p/206).
103
Let c be -37 + 4/(0 + -1). Let x = c - -104. List the prime factors of x.
3, 7
Suppose 5*i - 1485 = 5*w, -i + 1499 = -5*w - 3*i. Let q = -129 - w. List the prime factors of q.
2, 5, 17
Let n(x) be the second derivative of x**4/6 - x**3/2 + 7*x**2/2 + 2*x. Let k be n(-5). List the prime factors of 50/15*k/15.
2
Let j = 43 + 118. Let d = j - 105. What are the prime factors of d?
2, 7
Let l(w) = -37*w - 18. Let r be l(-2). What are the prime factors of 270/14 - 16/r?
19
Let w(s) = -s**2 - 16*s - 17. Let h(r) = 2*r**2 + 33*r + 34. Let z(v) = -4*h(v) - 9*w(v). Let g be 162/(-45)*(-10)/(-3). What are the prime factors of z(g)?
17
Let d be -6 - (-12)/(-14)*(-14)/(-3). What are the prime factors of 101 - 0 - 2/(d/(-15))?
2, 7
Let s(k) be the third derivative of 1/6*k**4 - 12*k**2 + 0 + 0*k + 3*k**3. What are the prime factors of s(8)?
2, 5
Let g(d) = -57*d**2 + 8*d + 5. Let s(u) = 28*u**2 - 4*u - 3. Let m(y) = 2*g(y) + 5*s(y). What are the prime factors of m(-2)?
107
Suppose 0 = 12*y - 8*y - 3868. What are the prime factors of y?
967
Let k = 27 + -63. Let g = 40 + k. Suppose -2*i + 2*a + 118 = -18, -a - 263 = -g*i. What are the prime factors of i?
5, 13
Let o(p) = 4*p - 7. Let m(r) = 20*r - 36. Let f(i) = -4*m(i) + 22*o(i). Let t be f(10). Suppose -t = -2*h - 6. List the prime factors of h.
2
Let i = 217 + -159. List the prime factors of i.
2, 29
Let x(s) = -s**3 + 3*s**2 - 6*s - 5. Let u be x(-4). Suppose -2*r = -0*a + a - 121, -a = r - 61. Let d = u - r. What are the prime factors of d?
71
Suppose 0 = -0*d - 2*d + 10. Suppose -3*f + 50 = 2*f + 5*x, 4*f - d*x = 13. What are the prime factors of f?
7
Let b = -20 - -9. Let a(k) = -k**3 - 12*k**2 - 11*k + 5. Let d be a(b). Suppose -d*n + 3*o = -204, 0 = -3*n + 4*n - 3*o - 48. List the prime factors of n.
3, 13
Suppose -2*l + 5*c - 6 = 0, -c - 3 = -l - 0*l. Suppose j + d - 53 = l, j + 2*d - 62 = 0. List the prime factors of j.
2, 29
Let q be 176/3*33/(-22). Let w be (21/(-2))/((-33)/q). What are the prime factors of 2 + (1 - 2) - w?
29
Let o = 406 + -233. Suppose 3*f + f = -c + o, 4*f - 2*c = 170. List the prime factors of f.
43
Suppose -58 = 5*g - 193. Suppose 0 = -4*o + 33 + g. List the prime factors of o.
3, 5
Let b be (-46)/(-14) - (-6)/(-21). Suppose 0 = 2*m - 5*y + 56 - 281, -415 = -4*m + b*y. Suppose -5*t - m = -10*t. What are the prime factors of t?
2, 5
Let n be (262/(-4))/(5/10). Let u be n/(-7) - (-10)/35. Let w = 42 - u. What are the prime factors of w?
23
Let u = 568 - 315. What are the prime factors of u?
11, 23
Let r(v) = -v**3 + 24*v**2 + 43. List the prime factors of r(24).
43
Let h(q) = 3*q + 